{"id":100,"date":"2026-02-19T13:17:12","date_gmt":"2026-02-19T13:17:12","guid":{"rendered":"https:\/\/baumpflege-hauser.at\/?page_id=100"},"modified":"2026-02-19T13:36:24","modified_gmt":"2026-02-19T13:36:24","slug":"datenschutzerklaerung","status":"publish","type":"page","link":"https:\/\/baumpflege-hauser.at\/?page_id=100","title":{"rendered":"Datenschutzerkl\u00e4rung"},"content":{"rendered":"\n<p><br>Der Schutz Ihrer pers\u00f6nlichen Daten ist mir ein besonderes Anliegen. Ich verarbeiten Ihre Daten daher ausschlie\u00dflich auf Grundlage der gesetzlichen Bestimmungen (DSGVO, TKG 2003). In dieser Datenschutzerkl\u00e4rung informiere ich Sie \u00fcber die wichtigsten Aspekte der Datenverarbeitung im Rahmen meiner Website.<\/p>\n\n\n\n<p>Wenn Sie per E-Mail Kontakt mit mir aufnehmen, werden Ihre angegebenen Daten zwecks Bearbeitung der Anfrage und f\u00fcr den Fall von Anschlussfragen sechs Monate bei mir gespeichert. Diese Daten gebe ich nicht ohne Ihre Einwilligung weiter.<\/p>\n\n\n\n<p>Sie haben mir Daten \u00fcber sich freiwillig zur Verf\u00fcgung gestellt und ich verarbeite diese Daten auf Grundlage Ihrer Einwilligung zu&nbsp;<strong>folgenden Zwecken<\/strong>:<\/p>\n\n\n\n<ul class=\"wp-block-list\">\n<li>Betreuung des Kunden sowie<\/li>\n\n\n\n<li>f\u00fcr eigene Werbezwecke, beispielsweise zur Zusendung von Angeboten, Werbeprospekten und Newsletter (in Papier- und elektronischer Form), sowie zum Zwecke des Hinweises auf die zum Kunden bestehende oder vormalige Gesch\u00e4ftsbeziehung (Referenzhinweis).<\/li>\n<\/ul>\n\n\n\n<p>Sie k\u00f6nnen diese Einwilligung jederzeit widerrufen. Ein Widerruf hat zur Folge, dass ich Ihre Daten ab diesem Zeitpunkt zu oben genannten Zwecken nicht mehr verarbeite. F\u00fcr einen Widerruf wenden Sie sich bitte an\u00a0<a href=\"mailto:info@baumpflege-hauser.at\"><u>info@baumpflege-hauser.at<\/u><\/a> oder 0664 \/ 418 76 69<\/p>\n\n\n\n<h2 class=\"wp-block-heading\">Keine Weitergabe Ihrer Daten<\/h2>\n\n\n\n<p>Ich gebe Ihre personenbezogenen Daten nicht an Dritte weiter. Lediglich die zur Abwicklung Ihrer Auftr\u00e4ge n\u00f6tigen Dienstleistungspartner erhalten Ihre Anschrift. In diesen F\u00e4llen erfolgt die \u00dcbermittlung gem\u00e4\u00df den Bestimmungen der DSGVO, der Umfang der \u00fcbermittelten Daten beschr\u00e4nkt sich auf das erforderliche Minimum.<\/p>\n\n\n\n<p>Die von Ihnen bereit gestellten Daten sind weiters zur Vertragserf\u00fcllung bzw. zur Durchf\u00fchrung vorvertraglicher Ma\u00dfnahmen erforderlich. Ohne diese Daten kann ich den Vertrag mit Ihnen nicht abschlie\u00dfen. Ich speichere Ihre Daten solange es eine aufrechte Kundenbeziehung gibt und diese Daten lt gesetzlichen Aufbewahrungspflichten gespeichert werden m\u00fcssen. Danach werden sie gel\u00f6scht.<\/p>\n\n\n\n<p>Sie erreichen mich unter\u00a0<a href=\"mailto:info@baumpflege-hauser.at\"><u>info@baumpflege-hauser.at<\/u><\/a>\u00a0oder 0664 \/ 418 76 69<\/p>\n\n\n\n<h2 class=\"wp-block-heading\"><a><\/a> Kategorien betroffener Personen<\/h2>\n\n\n\n<p>Besucher und Nutzer des Onlineangebotes (Nachfolgend bezeichne ich die betroffenen Personen zusammenfassend auch als \u201eNutzer\u201c).<\/p>\n\n\n\n<h2 class=\"wp-block-heading\"><a><\/a> Zweck der Verarbeitung<\/h2>\n\n\n\n<p>\u2013 Zurverf\u00fcgungstellung des Onlineangebotes, seiner Funktionen und Inhalte.<br>\u2013 Beantwortung von Kontaktanfragen und Kommunikation mit Nutzern.<br>\u2013 Sicherheitsma\u00dfnahmen.<br>\u2013 Reichweitenmessung\/Marketing<\/p>\n\n\n\n<h2 class=\"wp-block-heading\"><a><\/a> Gesch\u00e4ftsbezogene Verarbeitung<\/h2>\n\n\n\n<p>Zus\u00e4tzlich verarbeite ich<br>\u2013 Vertragsdaten (z.B., Vertragsgegenstand, Laufzeit, Kundenkategorie).<br>\u2013 Zahlungsdaten (z.B., Bankverbindung, Zahlungshistorie)<br>von meinen Kunden, Interessenten und Gesch\u00e4ftspartner zwecks Erbringung vertraglicher Leistungen, Service und Kundenpflege, Marketing, Werbung und Marktforschung.<\/p>\n\n\n\n<h2 class=\"wp-block-heading\"><a><\/a> Administration, Finanzbuchhaltung, B\u00fcroorganisation, Kontaktverwaltung<\/h2>\n\n\n\n<p>Ich verarbeite Daten im Rahmen von Verwaltungsaufgaben sowie Organisation meines Betriebs, Finanzbuchhaltung und Befolgung der gesetzlichen Pflichten, wie z.B. der Archivierung. Hierbei verarbeite ich dieselben Daten, die ich im Rahmen der Erbringung meiner vertraglichen Leistungen verarbeite. Die Verarbeitungsgrundlagen sind Art. 6 Abs. 1 lit. c. DSGVO, Art. 6 Abs. 1 lit. f. DSGVO. Von der Verarbeitung sind Kunden, Interessenten, Gesch\u00e4ftspartner und Websitebesucher betroffen. Der Zweck und mein Interesse an der Verarbeitung liegt in der Administration, Finanzbuchhaltung, B\u00fcroorganisation, Archivierung von Daten, also Aufgaben die der Aufrechterhaltung meiner Gesch\u00e4ftst\u00e4tigkeiten, Wahrnehmung meiner Aufgaben und Erbringung meiner Leistungen dienen. Die L\u00f6schung der Daten im Hinblick auf vertragliche Leistungen und die vertragliche Kommunikation entspricht den, bei diesen Verarbeitungst\u00e4tigkeiten genannten Angaben.<\/p>\n\n\n\n<p>Ich offenbare oder \u00fcbermittle hierbei Daten an die Finanzverwaltung, Berater, wie z.B., Steuerberater oder Wirtschaftspr\u00fcfer sowie weitere Geb\u00fchrenstellen und Zahlungsdienstleister.<\/p>\n\n\n\n<p>Ferner speichere ich auf Grundlage meines betriebswirtschaftlichen Interesse Angaben zu Lieferanten, Veranstaltern und sonstigen Gesch\u00e4ftspartnern, z.B. zwecks sp\u00e4terer Kontaktaufnahme. Diese mehrheitlich unternehmensbezogenen Daten, speichere ich grunds\u00e4tzlich dauerhaft.<\/p>\n\n\n\n<h2 class=\"wp-block-heading\"><a><\/a> Kontaktaufnahme<\/h2>\n\n\n\n<p>Bei der Kontaktaufnahme mit mir (z.B. E-Mail oder Telefon) werden die Angaben des Nutzers zur Bearbeitung der Kontaktanfrage und deren Abwicklung gem. Art. 6 Abs. 1 lit. b. (im Rahmen vertraglicher-\/vorvertraglicher Beziehungen), Art. 6 Abs. 1 lit. f. (andere Anfragen) DSGVO verarbeitet.. Die Angaben der Nutzer k\u00f6nnen in einem Customer-Relationship-Management System (\u201eCRM System\u201c) oder vergleichbarer Anfragenorganisation gespeichert werden.<\/p>\n\n\n\n<p>Ich l\u00f6sche die Anfragen, sofern diese nicht mehr erforderlich sind. Ich \u00fcberpr\u00fcfe die Erforderlichkeit alle zwei Jahre; Ferner gelten die gesetzlichen Archivierungspflichten.<\/p>\n\n\n\n<h2 class=\"wp-block-heading\">Rechtsbehelfsbelehrung<\/h2>\n\n\n\n<p>Ihnen stehen grunds\u00e4tzlich die Rechte auf Auskunft, Berichtigung, L\u00f6schung, Einschr\u00e4nkung, Daten\u00fcbertragbarkeit und Widerspruch zu. Daf\u00fcr wenden Sie sich an mich. Wenn Sie glauben, dass die Verarbeitung Ihrer Daten gegen das Datenschutzrecht verst\u00f6\u00dft oder Ihre datenschutzrechtlichen Anspr\u00fcche sonst in einer Weise verletzt worden sind, k\u00f6nnen Sie sich bei der Aufsichtsbeh\u00f6rde beschweren. In \u00d6sterreich ist die&nbsp;<a href=\"http:\/\/dsb.gv.at\/\" target=\"_blank\" rel=\"noreferrer noopener\"><u>Datenschutzbeh\u00f6rde<\/u><\/a>&nbsp;zust\u00e4ndig.<\/p>\n\n\n\n<h2 class=\"wp-block-heading\">Technische Sicherheit<\/h2>\n\n\n\n<p>Mein Unternehmen setzt sich f\u00fcr den Schutz der Privatsph\u00e4re des Nutzers ein und aktualisiert zum Schutz der \u00fcberlassenen Daten fortlaufend die technischen und organisatorischen Sicherheitsma\u00dfnahmen. Diese Ma\u00dfnahmen sollen unberechtigte Zugriffe, widerrechtliche L\u00f6schung oder Manipulation und den versehentlichen Verlust der Daten bestm\u00f6glich verhindern.<\/p>\n\n\n\n<h2 class=\"wp-block-heading\">\u00c4nderung der Datenschutzerkl\u00e4rung<\/h2>\n\n\n\n<p>Der Anbieter beh\u00e4lt sich das Recht vor, sowohl die Nutzungsbedingungen als auch diese Datenschutzerkl\u00e4rung von Zeit zu Zeit nach seinem Ermessen zu \u00fcberarbeiten\/\u00e4ndern. Es liegt in der Verantwortung des Nutzers, die Seite des Anbieters regelm\u00e4\u00dfig auf Aktualisierungen der Nutzungsbedingungen einschlie\u00dflich der Datenschutzerkl\u00e4rung hin zu \u00fcberpr\u00fcfen, die sofort mit ihrer Aufstellung wirksam werden. Mit der fortgesetzten Nutzung der Seite des Anbieters durch den Nutzer erkl\u00e4rt er dann entsprechend sein Einverst\u00e4ndnis, an die \u00fcberarbeiteten\/ge\u00e4nderten Nutzungsbedingungen und\/oder an die \u00fcberarbeitete\/ge\u00e4nderte Datenschutzerkl\u00e4rung gebunden zu sein.<\/p>\n\n\n\n<h2 class=\"wp-block-heading\">Erfassung allgemeiner Informationen<\/h2>\n\n\n\n<p>Wenn Sie auf meine Webseite zugreifen, werden automatisch Informationen allgemeiner Natur erfasst. Diese Informationen (Server-Logfiles) beinhalten etwa die Art des Webbrowsers, das verwendete Betriebssystem, den Domainnamen Ihres Internet Service Providers und \u00c4hnliches. Hierbei handelt es sich ausschlie\u00dflich um Informationen, welche keine R\u00fcckschl\u00fcsse auf Ihre Person zulassen. Diese Informationen sind technisch notwendig, um von Ihnen angeforderte Inhalte von Webseiten korrekt auszuliefern und fallen bei Nutzung des Internets zwingend an. Anonyme Informationen dieser Art werden von uns statistisch ausgewertet, um unseren Internetauftritt und die dahinterstehende Technik zu optimieren.<\/p>\n\n\n\n<h2 class=\"wp-block-heading\">SSL-Verschl\u00fcsselung<\/h2>\n\n\n\n<p>Diese Seite nutzt aus Gr\u00fcnden der Sicherheit und zum Schutz der \u00dcbertragung vertraulicher Inhalte, wie zum Beispiel der Anfragen, die Sie an uns als Seitenbetreiber senden, eine SSL-Verschl\u00fcsselung. Eine verschl\u00fcsselte Verbindung erkennen Sie daran, dass die Adresszeile des Browsers von \u201ehttp:\/\/\u201c auf \u201ehttps:\/\/\u201c wechselt und an dem Schloss-Symbol in Ihrer Browserzeile. Wenn die SSL Verschl\u00fcsselung aktiviert ist, k\u00f6nnen die Daten, die Sie an uns \u00fcbermitteln, nicht von Dritten mitgelesen werden.<\/p>\n\n\n\n<h2 class=\"wp-block-heading\">Datenverkehr in Drittl\u00e4nder<\/h2>\n\n\n\n<p>Ich weise darauf hin, dass es mittels eingesetzter Technologien mitunter auch zu einer Verarbeitung personenbezogener Daten von mir und von Drittanbietern kommen kann wie zum Beispiel Google LLC, die in den USA und anderen Drittl\u00e4ndern niedergelassen sind und dort Datenverarbeitungen vornehmen. Nach dem Fall des Privacy Shields ist nach Ermessen der Europ\u00e4ischen Gerichtshofes in den USA kein angemessenes Datenschutzniveau gew\u00e4hrleistet. Es besteht daher die theoretische M\u00f6glichkeit, dass Ihre Daten dem Zugriff durch US-Beh\u00f6rden zu Kontroll- und \u00dcberwachungszwecken unterliegen und dagegen keine wirksamen Rechtsbehelfe zur Verf\u00fcgung stehen, wobei alle meine Drittanbieter die jeweils geltenden Standardvertragsklauseln vorliegen. Wenn Sie im Consent Banner auf \u201cAkzeptieren\u201d klicken, stimmen Sie dabei aktiv zu, dass ich die genannten Technologien verwenden und dabei Ihre Daten auch an Drittanbieter in Drittl\u00e4ndern (inkl. USA) \u00fcbermitteln darf. \u00dcber \u201ePrivacy-Einstellungen\u201d und meiner \u201eCookie-Richtlinie\u201c erhalten Sie genauere Informationen zu den einzelnen Technologien und Cookies, die erhoben werden. Ihre Einwilligung k\u00f6nnen Sie f\u00fcr jeden Zweck und jeden Anbieter dort gesondert verwalten. Damit k\u00f6nnen Sie ihre Zustimmung zum Datentransfer in ein Drittland (inkl. USA) erteilen und jederzeit widerrufen. Bitte beachten Sie, dass auf Basis Ihrer selbst gesetzten Einstellungen wom\u00f6glich nicht mehr alle Funktionalit\u00e4ten der Seite zur Verf\u00fcgung stehen.<\/p>\n\n\n\n<h2 class=\"wp-block-heading\"><a><\/a> Cookies<\/h2>\n\n\n\n<p>Meine Website verwendet so genannte Cookies. Dabei handelt es sich um kleine Textdateien, die mit Hilfe des Browsers auf Ihrem Endger\u00e4t abgelegt werden. Sie richten keinen Schaden an. Ich nutze Cookies dazu, mein Angebot nutzerfreundlich zu gestalten. Die meisten der von mir verwendeten Cookies sind so genannte \u201eSession-Cookies\u201c. Sie werden nach Ende Ihres Besuchs automatisch gel\u00f6scht. Andere Cookies bleiben auf Ihrem Endger\u00e4t gespeichert, bis Sie diese l\u00f6schen. Diese Cookies erm\u00f6glichen es mir, Ihren Browser beim n\u00e4chsten Besuch wiederzuerkennen.<\/p>\n\n\n\n<p>Wenn Sie dies nicht w\u00fcnschen, so k\u00f6nnen Sie Ihren Browser so einrichten, dass er Sie \u00fcber das Setzen von Cookies informiert und Sie dies nur im Einzelfall erlauben. Bei der Deaktivierung von Cookies kann die Funktionalit\u00e4t meiner Website eingeschr\u00e4nkt sein.<\/p>\n\n\n\n<p><u><a href=\"https:\/\/europa.eu\/youreurope\/business\/dealing-with-customers\/data-protection\/online-privacy\/index_de.htm\" data-type=\"link\" data-id=\"https:\/\/europa.eu\/youreurope\/business\/dealing-with-customers\/data-protection\/online-privacy\/index_de.htm\">Zur Cookie-Richtlinie (EU)<\/a><\/u><\/p>\n","protected":false},"excerpt":{"rendered":"<p>Der Schutz Ihrer pers\u00f6nlichen Daten ist mir ein besonderes Anliegen. Ich verarbeiten Ihre Daten daher ausschlie\u00dflich auf Grundlage der gesetzlichen Bestimmungen (DSGVO, TKG 2003). In dieser Datenschutzerkl\u00e4rung informiere ich Sie \u00fcber die wichtigsten Aspekte der Datenverarbeitung im Rahmen meiner Website. Wenn Sie per E-Mail Kontakt mit mir aufnehmen, werden Ihre angegebenen Daten zwecks Bearbeitung der [&hellip;]<\/p>\n","protected":false},"author":1,"featured_media":0,"parent":0,"menu_order":0,"comment_status":"closed","ping_status":"closed","template":"","meta":{"footnotes":""},"class_list":["post-100","page","type-page","status-publish","hentry"],"_links":{"self":[{"href":"https:\/\/baumpflege-hauser.at\/index.php?rest_route=\/wp\/v2\/pages\/100","targetHints":{"allow":["GET"]}}],"collection":[{"href":"https:\/\/baumpflege-hauser.at\/index.php?rest_route=\/wp\/v2\/pages"}],"about":[{"href":"https:\/\/baumpflege-hauser.at\/index.php?rest_route=\/wp\/v2\/types\/page"}],"author":[{"embeddable":true,"href":"https:\/\/baumpflege-hauser.at\/index.php?rest_route=\/wp\/v2\/users\/1"}],"replies":[{"embeddable":true,"href":"https:\/\/baumpflege-hauser.at\/index.php?rest_route=%2Fwp%2Fv2%2Fcomments&post=100"}],"version-history":[{"count":3,"href":"https:\/\/baumpflege-hauser.at\/index.php?rest_route=\/wp\/v2\/pages\/100\/revisions"}],"predecessor-version":[{"id":120,"href":"https:\/\/baumpflege-hauser.at\/index.php?rest_route=\/wp\/v2\/pages\/100\/revisions\/120"}],"wp:attachment":[{"href":"https:\/\/baumpflege-hauser.at\/index.php?rest_route=%2Fwp%2Fv2%2Fmedia&parent=100"}],"curies":[{"name":"wp","href":"https:\/\/api.w.org\/{rel}","templated":true}]}}